s divided by x.
14
Suppose 10*m - 125 = -25. Let g(v) = v + 28. Calculate the remainder when g(0) is divided by m.
8
Suppose -51 = -3*x + 3*g, 4*g - 51 = -0*x - 3*x. What is the remainder when x is divided by 3?
2
Suppose 3*t - 26 = 22. Suppose 135 - 411 = -6*l. Calculate the remainder when l is divided by t.
14
Let w = 2 - 9. Let b = 0 - w. Calculate the remainder when 40 is divided by b*(-1 + 2 + 1).
12
Calculate the remainder when 10*((-93)/(-15) - -4) is divided by 26.
24
Suppose -4*p = -2 - 18. Suppose p*j = 43 + 22. Calculate the remainder when 36 is divided by j.
10
Suppose 3*c = 4*c - 27. Suppose -2*y = 3*z - 5*y - 15, y = 4. Suppose -4*a = -z*a + 50. Calculate the remainder when c is divided by a.
7
Suppose 4*v + 3*d = 8*v + 28, 2*v + 32 = -3*d. Calculate the remainder when (-422)/(-10) - (-2)/v is divided by 11.
9
Suppose -7*n - 32 = -3*n. Let s = 37 + n. What is the remainder when s is divided by 10?
9
Let h be ((-2)/1 + 2)*-1. Let b be 45 + h/(-3) + 2. Suppose -4*t = -b + 3. Calculate the remainder when t is divided by 3.
2
Let k be ((-1)/2)/((-6)/60). Suppose -4 - 16 = -k*c. Calculate the remainder when 9 is divided by c.
1
Let t = 8 - 4. Suppose 5*p - 20 = 0, 3*p - 18 = t*w - 6. Let q = 3 - w. What is the remainder when q is divided by 2?
1
Calculate the remainder when 42 is divided by (10/(-3) + 4)*33.
20
Let i be (28/20 + -1)*25. Suppose u - 5*z + i = 42, u - 4*z = 29. Calculate the remainder when 83 is divided by u.
15
Suppose -6*d = -2*d - 116. Let y(l) = 4*l**2 - 3*l. What is the remainder when d is divided by y(2)?
9
Let t(i) be the first derivative of i**3/3 - 2*i**2 + 7*i + 6. Calculate the remainder when t(6) is divided by 7.
5
Calculate the remainder when 70 is divided by (-9)/3 + 2/(4/78).
34
Let b(k) = -36*k + 1. Let g be b(-1). Suppose g = 4*c - 3*c - 5*o, -5*o + 14 = 2*c. What is the remainder when 32 is divided by c?
15
Let b = -9 + 31. Suppose 0 = 4*z + 3*i - 5*i - b, z - 16 = -3*i. Suppose 161*h = 160*h + 5. Calculate the remainder when z is divided by h.
2
Let q(y) be the second derivative of -y**3/3 + 3*y**2/2 - y. Let u be q(-3). Calculate the remainder when (-33)/(-2)*24/u is divided by 15.
14
Suppose t - 3*t + 22 = 0. What is the remainder when 19 is divided by t?
8
Let c be 0/(-4)*2/4. Let f be 3*3/9 - -1. Let k = f + c. Calculate the remainder when 2 is divided by k.
0
Let o be (-15)/(0 + -3)*-23. Let j = 21 + -9. Calculate the remainder when 4*-1*o/20 is divided by j.
11
Let o = -8 + 29. Suppose 14 + o = 5*m. What is the remainder when 18 is divided by m?
4
Let u(a) = -a + 7. Let m be 18/3*2/2. Let j be (7/3)/(m/(-18)). Calculate the remainder when u(j) is divided by 8.
6
Suppose -75 = 4*b - 3*k, k - 60 = b + 2*b. Let i = -15 - b. Suppose q = -5*f + 30, i*q = q. What is the remainder when 10 is divided by f?
4
Let i(s) = -s**3 - 5*s**2 + 10*s - 2. Suppose 36 = -5*t + z, -t + 3*z - 11 = -z. Calculate the remainder when i(t) is divided by 7.
5
Let q(b) = 22*b + 51. Calculate the remainder when q(9) is divided by 50.
49
Suppose -10 = 5*q, 3*l - 27 - 3 = 3*q. Suppose -15 = -4*y - y. Suppose -i = y*i - 60. What is the remainder when i is divided by l?
7
Let k(w) = 40*w**3 - w**2. Let f be k(1). Let y be (-1)/2 - 19/(-2). Suppose -f = -5*u - y. Calculate the remainder when u is divided by 4.
2
Suppose 0*p + 5*p + 45 = 0. Let q = p - -20. What is the remainder when q is divided by 7?
4
Suppose -2*s - 4 = -4*s. Suppose -2*g + 22 = s*k, 13 = k - 4*g - 23. What is the remainder when 29 is divided by k?
13
Suppose -10*w + 322 = 4*w. What is the remainder when 42 is divided by w?
19
Suppose 2*g - n = 21, -3*n + 47 = -2*g + 7*g. Let j = -16 + g. Calculate the remainder when 40 is divided by (-86)/j + 3/(-9).
12
Let y = -17 - -26. Suppose -3*l + 2*k + 66 = 0, 4*l - 5*k + 57 - 138 = 0. What is the remainder when l is divided by y?
6
Let o(q) = q**3 - 10*q**2 + 12*q - 11. Let v be o(9). Suppose -4*d = -0 - v. What is the remainder when 10 is divided by d?
2
Suppose 0 = -3*r + 156 - 12. What is the remainder when r is divided by 19?
10
Let s = 45 - 36. Calculate the remainder when s is divided by 3.
0
Let y(n) = -6*n**3 + 2*n**2 + 4*n + 2. What is the remainder when y(-1) is divided by 3?
0
Let l(u) = 29*u. Let b = -14 + 15. Calculate the remainder when l(b) is divided by 11.
7
Let p be 4/6 - 6/9. Calculate the remainder when 66 is divided by 27 - 1 - (3 + p).
20
Let h(n) = -8 + 6*n - 2*n**2 + n**3 - 2*n + 10*n**2. Let u = 50 + -26. What is the remainder when u is divided by h(-7)?
11
Let r(t) = 2*t**3 + 14*t**2 + 2*t + 29. What is the remainder when 252 is divided by r(-7)?
12
Suppose 5*j = -z + 20, 0 = -0*z - 5*z + j + 48. Suppose c - 7 = 4*t, 4*c - 13 - 3 = 4*t. Calculate the remainder when (56 - t)*(-2)/(-6) is divided by z.
9
Let j = 11 - 7. Let y(g) = g**2 + 7*g - 12. Let z be y(-8). Calculate the remainder when 23 is divided by j*(1 - (z - -3)).
7
Suppose 2*y + 8 = -4*t + 32, 24 = y - 4*t. Suppose 2*d = y + 10. Calculate the remainder when 75 is divided by d.
10
Suppose 2*v = 3*c + c + 52, 4*c - 28 = -2*v. Suppose 0 = 3*y - y - v. What is the remainder when 19 is divided by y?
9
Suppose -t - 2*t + 3 = -2*j, -4*t + 4 = -5*j. Suppose 0 = -2*y + c + 19, y - c + 4 - 13 = j. Calculate the remainder when 17 is divided by y.
7
Let v(x) = 3*x + 6. Calculate the remainder when 118 is divided by v(6).
22
Let m be 9/(-12) + 6/8. Let t = 11 - m. What is the remainder when 42 is divided by t?
9
What is the remainder when -2 - 269/(-3) - (-8)/(-12) is divided by 15?
12
Let j(q) = -5*q - 5. Let f be j(-5). Suppose -u - f = -3*c - 113, -4*c - 3*u - 111 = 0. Calculate the remainder when 0 - 5 - -2 - c is divided by 7.
6
Let u = -40 - -67. What is the remainder when u is divided by 14?
13
Calculate the remainder when 44 is divided by 66/3 + (-2 - -3).
21
Let l be ((-2)/3)/((-1)/(-12)). Let h = l + 11. What is the remainder when 142/h - (-5)/(-15) is divided by 16?
15
Suppose 2*i - 22 = -4*c, -c + 0 + 3 = 0. What is the remainder when 15 is divided by (i - 3)*(-18)/(-4)?
6
Suppose 2*v + 3*v = 4*i - 125, -i + 4*v = -23. Calculate the remainder when 26 is divided by 126/i*(-5)/(-2).
8
Let q(f) = f**2 - 5*f - 2. Let n be q(5). Let k(b) = b + 4. Let s be k(n). Calculate the remainder when 25 is divided by (1 + 12)/(3 - s).
12
Suppose 12 = 4*r - 8. Suppose -36 = 2*y - r*y. Suppose -2*t + 46 = -0*t. What is the remainder when t is divided by y?
11
Let x(c) = -c + 1. Let i(l) = -l. Let z(h) = 2*i(h) + x(h). Let b(s) = s**2 + 7*s + 4. Let d be b(-5). Calculate the remainder when z(d) is divided by 5.
4
Let d = -9 - -15. Suppose -3*y = -d*y + 24. Suppose 4*v - s = 19 + 40, 3*s = 5*v - 79. Calculate the remainder when v is divided by y.
6
Let r(f) = f**2 - 14*f + 15. Let v be r(13). Calculate the remainder when -2 + 22 - (v - 5) is divided by 8.
7
Suppose -4*z + 43 + 72 = -5*x, 3*x = -4*z + 155. What is the remainder when z is divided by 9?
8
Let t = 29 + -44. Let u be 10/t + (-17)/(-3). Let l = -3 + u. What is the remainder when 2 is divided by l?
0
Let l(m) = -3*m**2 - 12*m**3 + m**2 + 3 + 4*m**3 + 0*m**2 + 3*m. Let y(q) = q**2 + 2*q + 3. Calculate the remainder when l(-2) is divided by y(-5).
17
Suppose -4*l + 4 = -16. Suppose 6*r = 3*r + 5*s + 83, 0 = -l*r + 5*s + 135. Calculate the remainder when r is divided by 7.
5
Let l(c) = 3*c**2 + 12*c + 5. Calculate the remainder when 38 is divided by l(-5).
18
Let q(x) = -4*x - 15. Let i be 8/20 - 56/(-10). Let w = i - -18. What is the remainder when w is divided by q(-7)?
11
Suppose -5*m = -3*p - 613, -4*m + 212 = -p - 284. Suppose 7*k - m = 2*k. Calculate the remainder when k is divided by 1/(-4) + 106/8.
12
Suppose -5*k = -3*k - 28. Calculate the remainder when ((-25)/3)/(2/(-6)) is divided by k.
11
Suppose o = 5*d + 36, 2*o - 36 - 11 = 5*d. Let g(u) = -8*u**2 + 57*u - 1. Calculate the remainder when o is divided by g(7).
5
Let b = -83 + 175. What is the remainder when b is divided by 24?
20
Let l = -24 + 42. Calculate the remainder when 27/l - 117/(-2) is divided by 21.
18
Let u = -100 - -140. What is the remainder when u is divided by 6?
4
Let z(l) = -l**2 + 13*l + 4. Let i be z(12). Let m(q) = -2*q - 3. Let r be m(3). Let t = i + r. What is the remainder when 19 is divided by t?
5
Suppo